 0*r, 5*r + 25 = 0. Let y = p + -5. What is the units digit of (-95)/(-3) + (-5)/y?
2
Suppose 7*i - 3*i + 3580 = -4*t, 5*t - 4*i = -4520. Let x be -2 - 4*69/6. What is the units digit of t/x + 6/(-8)?
8
What is the units digit of ((-542)/(-5))/((-8)/(-40))?
2
Let q(u) = u**2 + 4*u. Let f be q(-7). Let y = f - -1. What is the units digit of y?
2
Let u(h) = 17*h**2 - 3*h + 1. Suppose -x = -1 - 4. Suppose -10 = 3*r + 4*c, -6 = 3*r + x*c + 8. What is the units digit of u(r)?
3
Let f = -1066 + 3698. What is the tens digit of f?
3
Let i = 465 + -817. What is the units digit of i/(-5) - 18/45?
0
Let g(y) = 461*y + 11. What is the tens digit of g(3)?
9
Let y be (-3)/(3 - (7 + -3)). Let l(t) = 0*t**2 - 7*t - 10 + 3 + y*t**2. What is the units digit of l(-4)?
9
Suppose 4*u = -5*c + 9, 0*u + 3*c = u + 19. What is the units digit of (-657)/(-15) + u/5?
3
Let l(g) = -g**2 - 8*g - 9. Let q be l(-6). What is the units digit of 7*q/4 - 12/48?
5
Let x = 43 - 50. What is the tens digit of (-145)/(-4) - x/(-28)?
3
Suppose 0 = -4*g - 0*g. What is the tens digit of 120/(-100)*(g - 40)?
4
Suppose -24*d = 8*d - 7168. What is the hundreds digit of d?
2
Let o be (-4)/14 - (-8)/28. Let n(a) = 0 + 5 - 4*a + 4*a**2 + 2*a**3 + o - 2. What is the tens digit of n(2)?
2
Let d = 450 - 202. Suppose -l = -3*c + 373, -2*c - 3*l = -4*l - d. What is the tens digit of c?
2
Let m be 1/5*(28 + -13). Suppose 4*h = b + 64 + 151, 213 = 4*h - m*b. What is the units digit of h?
4
Suppose -18 = -3*d - 0*d. Let y(g) be the first derivative of -g**4/4 + 7*g**3/3 - g**2/2 + g + 100. What is the tens digit of y(d)?
3
Let g(a) = a - 5. Suppose -26 + 92 = 6*j. Let k be g(j). Let m(b) = -b**2 + 11*b + 13. What is the units digit of m(k)?
3
Let h = 171 - 62. Suppose -h = -3*w - 4*y, -5*w + 199 = -3*y + y. What is the units digit of w?
9
What is the hundreds digit of 224 + 6/3 + 2?
2
Let h(d) be the second derivative of -d**4/12 + 2*d**3 - 5*d**2/2 - 2*d. Let m be h(12). Let c = 9 + m. What is the units digit of c?
4
Let m = 1266 - -564. What is the units digit of m?
0
Let r(o) = 2*o**2 - 8*o. Let l be r(4). What is the units digit of (l - (-87 + -2))/1?
9
Let m(v) be the first derivative of v**4/4 + 7*v**3/3 - 5*v**2/2 - 3*v - 7. What is the units digit of m(-7)?
2
Let k(c) = 3*c**2 - 2*c + 2. Let w be k(1). Let z(h) = -h**3 + 4*h**2 + 1. What is the tens digit of z(w)?
1
Let f(v) = 3*v - 3. Let w be f(5). What is the tens digit of 2*(-6)/w + (2 - -62)?
6
Let i(h) = -38*h - 171. What is the units digit of i(-6)?
7
Suppose 82*z - 88*z + 15564 = 0. What is the thousands digit of z?
2
What is the units digit of (-1)/12 + (-73675)/(-84)?
7
Let s(q) = -q**3 - 11*q**2 + 12*q - 10. Let y be s(-12). Let b be (-6)/y - 16/10. What is the units digit of (56/(-5 - b))/(-1)?
4
Suppose -22*z + 21826 = -20106. What is the tens digit of z?
0
What is the tens digit of 12334/4*6/7?
4
Let j = -11 - -14. Suppose j*v = 3*x - x - 158, 0 = -2*v - 3*x - 101. Let r = -13 - v. What is the units digit of r?
9
Let i be 6*(1 - 10/6). Let r be (-3 - i)*-26 + 2. Let o = r - -26. What is the units digit of o?
2
Let j(s) = 24*s + 735. What is the thousands digit of j(36)?
1
Suppose -748 = -j - n, -30*j - 3*n = -33*j + 2250. What is the hundreds digit of j?
7
Let s be ((-60)/50)/(1/10). What is the units digit of (-606)/4*8/s?
1
Let f(s) = 7*s - 3. Let u be f(13). Let b = -21 + u. What is the tens digit of b?
6
Suppose 0 = 3*p - 15, 5*p = 4*i - 2787 - 1892. What is the hundreds digit of i?
1
Let c = -69 + -24. Let j = 100 + c. What is the units digit of j?
7
Let d(a) be the first derivative of -2*a**2 + 7*a - 7. Let v be d(-9). Let z = -16 + v. What is the tens digit of z?
2
Let x = 1584 + -602. What is the units digit of x?
2
Let l be (-12)/9*93/2. Let x = -37 - l. What is the units digit of x?
5
Let o be (378/4 - 3)*2. Suppose g + 2*g = o. What is the tens digit of g?
6
Let f = -1129 - -2083. What is the units digit of f?
4
Let r be 10*(-3 + 16 + 3). Suppose 10 = 5*l, 0 = -3*u + u - 4*l + r. What is the units digit of u?
6
Let u(y) = 2*y**2 + 20 - 3*y**2 + y + 10. Suppose -2*r - 4 = 0, 4*r = -3*c + r - 6. What is the tens digit of u(c)?
3
Let v(k) = -73*k - 79*k - 2 + 43*k. What is the units digit of v(-1)?
7
Suppose 0 = 2*n + 2*x - 7 + 1, 25 = 5*x. Let r be n/3*(-108)/(-9). Let v(a) = a**2 + 7*a + 12. What is the units digit of v(r)?
0
Let t(o) = o**3 + 18*o**2 + 15*o - 4. Let r = 25 + -42. What is the units digit of t(r)?
0
Suppose 0*u - 2*v = 3*u - 83, 0 = -3*u - v + 82. What is the units digit of 1098/u + 4/(-6)?
0
Let h(p) be the first derivative of 5/2*p**2 - 3*p - 4. What is the units digit of h(8)?
7
Suppose 9*r - 1537 = 7*r + 5*f, -3*r + 2340 = 4*f. What is the units digit of r?
6
Let g(k) = -k. Let w(y) = -y**2 - 4*y - 5. Let j(i) = 4*g(i) + w(i). Let d be j(-10). Let b = d - -56. What is the units digit of b?
1
Suppose 0 = -4*i - 1 + 9. Suppose -2 = -2*v + i. Let f(y) = 3*y**3 - 3*y**2 + 3*y. What is the tens digit of f(v)?
1
Suppose l + m - 90 = 0, -2*l - 96 = -3*l + 5*m. What is the units digit of l?
1
Suppose 2*g + 4553 = 31*g. What is the units digit of g?
7
Suppose 0 = -t - 0*v - 4*v + 37, v - 43 = -t. Suppose 0*i + 3*i = t. Suppose 3*q + q = p - i, p = q + 6. What is the units digit of p?
3
What is the hundreds digit of (-13 - -12)/(2/(1 - 385))?
1
Suppose -6*k = 25*k - 2573. What is the tens digit of k?
8
Let q = 1 + 4. Suppose -q*y + 4*y - 6 = 0. Let j(u) = 2*u**2 + 6*u + 3. What is the units digit of j(y)?
9
Suppose -11*j = -4*j - 42. Suppose -j*d = 2*d - 192. What is the units digit of d?
4
Let o = 552 - -389. What is the tens digit of o?
4
Let g = 1418 + -716. Let y = g + -418. What is the hundreds digit of y?
2
Suppose -2*f + 1348 = 5*x, -f + 674 = 16*x - 15*x. What is the hundreds digit of f?
6
What is the tens digit of -1 + 1389 - (2 - (-6)/2)?
8
Let d = 3091 + -942. What is the tens digit of d?
4
Let a(n) be the second derivative of n**3/3 + 19*n**2 + 9*n. What is the tens digit of a(17)?
7
Let m(g) = -g**2 + 6*g + 2. Let d be m(6). Suppose -5*q + 25 = 0, -3*f + 4 = d*q + 18. Let x(z) = -3*z - 2. What is the tens digit of x(f)?
2
Suppose o = -4*o - 3*p + 22, -5*o = 2*p - 18. Suppose -3*d + 3*t = -0*t - 39, -4*d - 2*t = -46. What is the tens digit of o/6 - (-128)/d?
1
Suppose 2*q + 5 = -19. What is the units digit of (q*1)/(1 + -3)?
6
Let g(q) = q**2 - 13*q + 27. Let j be g(11). Suppose 0 = o + j*f - 23, -f - 25 - 54 = -2*o. What is the units digit of o?
8
Let w = -67 + 517. What is the units digit of w?
0
Let y = 3 + 1. What is the units digit of y*(-4 + (-29)/(-2))?
2
Let f(w) be the second derivative of w**5/5 + w**4/12 + w**3/3 - 3*w**2/2 - 9*w. What is the tens digit of f(2)?
3
Let u(i) = 5*i - 14. Suppose 5*j - 4*s - 50 = 0, -3*s = -2*j + 3 + 10. Let r = 31 - j. What is the units digit of u(r)?
1
Suppose 0 = -84*b + 86*b + 114. Let l be 2/7 - (-1460)/(-14). Let w = b - l. What is the units digit of w?
7
Let c(i) = i**2 - 3*i - 1. Let a be c(4). Suppose a*b + 2*n = -0*b + 193, 3*n + 213 = 3*b. What is the tens digit of b?
6
Let m = 224 - -192. What is the units digit of ((-6)/2 + 0)*m/(-12)?
4
What is the tens digit of 1/((-1 - -2)*(-8)/(-920))?
1
Suppose -5*u - 5*g + 4069 - 1474 = 0, -528 = -u - 4*g. Suppose -x - 516 = -5*x - 2*r, -4*x - 5*r + u = 0. What is the units digit of x?
9
Let n(f) = -3*f + 40. Let w be n(13). Let d(o) = 24*o**2 + 5*o**2 - 2*o + 4*o. What is the tens digit of d(w)?
3
Let z(w) = -2*w**3 + 8*w**2 - 2*w + 6. Let a be z(4). What is the hundreds digit of -2 + (a - -1) + 252?
2
Let t be -8*1/(-12)*3. Suppose i + 3*y + t = -0, -4*i + 44 = -y. What is the units digit of i?
0
Suppose 7*y - 3*c + 3 = 2*y, -y - 3*c = 15. What is the units digit of 28 + ((-12)/y - 1)?
1
Suppose -2*c - f + 153 = -2023, -5*f = 10. What is the thousands digit of c?
1
Suppose 10*d - 15156 - 2344 = 0. What is the units digit of d?
0
Let f = -65 + 73. What is the units digit of 426/14 - (f/(-14) + 1)?
0
Let j be (-10910)/35 - (-2)/(-7). Let d = -183 - j. What is the units digit of -3 + 0 - d/(-3)?
0
Suppose 7*o = -0*o + 14. Suppose -o*w + 19 - 1 = 0. What is the units digit of w?
9
Let d(n) = -n**2 + 7*n - 2. Let x be d(6). Suppose 3*o = x*w - 86, -w + 3*o = -0*o - 26. What is the units digit of w?
0
S